. What is the tens digit of p?
9
Suppose 3*s = -5*l + 188, 4*l + 140 = 2*s - 0*l. Suppose -4*j + 90 = 34. What is the tens digit of j/21*s/4?
1
Let d be (-21)/(-27) - (-4)/18. Let n = 10 + d. Let p = n + 9. What is the tens digit of p?
2
Let d = 17 + 30. What is the tens digit of d?
4
Let g(k) be the first derivative of -3*k**2/2 - k - 3. Let v = -5 + 3. What is the units digit of g(v)?
5
Let y(n) = -n**3 - 5*n**2 - n - 4. What is the tens digit of y(-6)?
3
Suppose -4*f + 2*u + 258 = 0, -5*f + 3*u = -2*f - 198. What is the tens digit of f?
6
Suppose 42 + 52 = x. Let f = x - 61. Suppose -f = 4*r - 81. What is the tens digit of r?
1
Let h = 3 - -2. Suppose -h = -3*y + 3*o - 38, y - 3*o + 21 = 0. Let r(k) = k**2 + 6*k + 2. What is the units digit of r(y)?
2
Suppose -124 - 111 = -5*b. What is the tens digit of b?
4
Suppose 3*h - 65 = 2*x + 138, 2*x - h = -209. What is the units digit of x/(-9) + (-2)/(-9)?
2
Suppose u + 5*u - 852 = 0. What is the units digit of u?
2
Let r(j) = -j**2 + 4*j + 7. Let i be r(5). Suppose -4*c - 18 = -i. Let p = c - -5. What is the units digit of p?
1
Suppose -1 = 2*y + 5. Let x(r) = -3*r + 1. What is the units digit of x(y)?
0
Let c be 40/(-3)*(-30)/25. Let p = c - 10. Let v = p + -3. What is the units digit of v?
3
Let x be (-6)/15 - (-76)/(-10). Let o = x + 5. Let j = o + 4. What is the units digit of j?
1
Let x be (1 - -1)*-6*-2. Let w = -9 + x. What is the units digit of w?
5
Let h = -164 + 285. What is the units digit of h?
1
Let t be -1 + 5 + (0 - 1). Let x be -5*((-18)/(-15))/3. Let p = x + t. What is the units digit of p?
1
Let m = 2 - 2. Let u = m + 3. What is the units digit of u/9 - 51/(-9)?
6
Let i(j) = -2*j**2 - j**2 - 2*j**3 - 3*j**2 - 1 + 5. What is the units digit of i(-4)?
6
Let p = -1 - 4. What is the units digit of (-3)/5 - 268/p?
3
Suppose -5*i - 5*k + 45 = -0*i, 0 = -4*i - 5*k + 36. Suppose -o - 11 = -5*h, o - 3*h = -0*o - i. What is the tens digit of -4*(-3)/o + 20?
1
Let v(d) be the second derivative of d**5/20 - d**4/3 - 2*d**3/3 + 2*d**2 + 2*d. Let x be v(5). Suppose -3*f + 6*f - x = 0. What is the units digit of f?
3
Let a = -4 + 7. Suppose 0 = a*s - 4*s. Suppose s = -j + 9. What is the units digit of j?
9
Suppose 0 = -m - 2*f + 6, -2*f - 10 = -3*m - 6*f. Let y be ((-3)/(-4))/(m/(-16)). Let z = y - 4. What is the units digit of z?
2
Let f be -1*-6*3/(-9). What is the units digit of (-1)/f - (-105)/10?
1
Suppose 4*i = 5*s - 663, -2*s + 5*i = -291 + 19. What is the hundreds digit of s?
1
Let n be 1/((-2)/(-14)) - 2. Suppose -5*u + 6 = 1, 10 = v + n*u. Suppose v*r - 5 + 0 = 0. What is the units digit of r?
1
Suppose 4*r - 107 = -0*r + 3*n, 2*r = 3*n + 55. Suppose -4*d - 35 = 29. Let i = d + r. What is the units digit of i?
0
Let d(a) = a**2 + a + 6. Let o be d(8). Suppose 3*i - 6*i = -o. What is the tens digit of i?
2
Let n = 6 + -4. Suppose -5 = 5*j - 5*t, -4*j - n*t + 5*t = 1. What is the units digit of j?
2
Let b(h) = 6*h**3 + 9*h**2 - 5*h + 2. Let o(s) = 5*s**3 + 8*s**2 - 5*s + 2. Let y(u) = -4*b(u) + 5*o(u). What is the tens digit of y(-4)?
2
Suppose 5*j - a = 941, 4*j - 3*a - 744 = -0*j. What is the units digit of j?
9
Let x = -121 - -226. Suppose -n + 6*n = x. Let f = n + -11. What is the tens digit of f?
1
Let p(c) = -c**2 + 24*c - 16. What is the units digit of p(9)?
9
Let j(t) be the second derivative of 1/20*t**5 + 1/6*t**3 + t**2 + t + 0 - 1/12*t**4. What is the units digit of j(2)?
8
Suppose 4*s + 5*w - 87 = 0, -3*s + w + 2*w = -45. Let i = 28 - s. What is the units digit of i?
0
What is the tens digit of (-1)/(-4 + 342/86)?
4
Let g = 18 - 21. Let d(v) = -2*v**3 - 3*v**2 + 3*v - 3. What is the tens digit of d(g)?
1
Suppose 2*p - 5*p = -2*f - 3, 0 = -2*f - 4*p + 4. Let r = 15 - f. Suppose -r = -5*a + 10. What is the units digit of a?
5
Suppose -1176 = -4*r + 4*q, -914 = 3*r - 6*r - 5*q. What is the tens digit of r?
9
Suppose -3*t - 5*m = -29, -m - 64 = -3*t + m. What is the tens digit of t?
1
Let i(b) = -b**3 + 5*b**2 + 6*b - 2. Let j be i(6). Suppose 5*a + 1 - 31 = 0. What is the units digit of (a/j)/(-1 - 0)?
3
Let i(h) = -h. Let n(b) = b**3 + 3*b**2 + 2*b + 3. Let m be n(-3). Let t be i(m). Suppose o - t = 4. What is the units digit of o?
7
Let s(q) = -7*q**3 + 12*q**2 + 3*q - 3. Let g(t) = 6*t**3 - 11*t**2 - 2*t + 3. Let x(a) = -6*g(a) - 5*s(a). What is the units digit of x(5)?
7
Let w be (6/(-10))/(1/(-5)). Suppose 2*h + 5 = w*h, 3*h - 171 = -3*i. What is the tens digit of i/5 - (-2)/(-5)?
1
What is the units digit of 4 + -3 + -3 + 217?
5
Let q(i) = 5*i + 5. Let w be q(7). Let h = w - 23. What is the units digit of h?
7
Suppose 2*j = -r + 3*j - 7, j + 11 = -r. Let a(z) be the second derivative of -z**3/6 - 2*z**2 + 7*z. What is the units digit of a(r)?
5
What is the tens digit of ((-29)/(-2))/((-3)/(-6))?
2
Suppose -6*i = -120 - 12. What is the units digit of i?
2
Let f(x) = -x**2 + 4*x - 2. Let m be f(3). Let k(p) = -5*p - 1. Let c be k(m). Let n = c + 22. What is the units digit of n?
6
Let n(z) = -z**3 - 5*z**2 + 6*z + 1. Let g(d) = 7*d**2 - d - 2. Let k be g(2). Let i be (k/20)/(2/(-10)). What is the units digit of n(i)?
1
Let k(c) be the first derivative of 13*c**3/3 - c**2/2 - 4. Suppose 6 = 5*h + 1. What is the tens digit of k(h)?
1
Let a be (-12)/(-9)*3/2. Let z(i) = 6 - 5*i**2 + a*i - 2*i - i**3 - 4*i**2. What is the units digit of z(-9)?
6
Suppose 5*l - 272 + 43 = -n, -2*n - 5*l = -443. What is the tens digit of n?
1
Let r be (-33)/(-2) + (-9)/18. Suppose -3*v = -3*m + 3, 2*v - 12 = -2*m - v. Suppose 0 = l - m*l + r. What is the units digit of l?
8
Suppose 5*c = 2*h + 197, 0 = -2*h - 2*h + 16. What is the units digit of c?
1
Suppose -249 - 47 = -8*r. What is the tens digit of r?
3
Let d = 311 - 186. Suppose s + d = 6*s. What is the units digit of s?
5
Suppose 26 = -3*y + 2*t, 0 = -2*y - t - 2 - 6. Let q be (28/y)/((-3)/18). Let k = q - 16. What is the tens digit of k?
1
Let r be (-8)/3 + 2/3. Let j be (1 - 1)/1 + r. Let m = 9 + j. What is the units digit of m?
7
Let x(l) = l + 6. Let g = 0 + 5. Suppose 4*o - i = 8*o - 4, 4 = -g*o + i. What is the units digit of x(o)?
6
Let y(j) = j + 1. Let u be y(1). Let x(m) = -m**3 + m. Let n be x(u). What is the units digit of (-3)/(((-45)/n)/(-5))?
2
Let s = -33 - -98. What is the units digit of s?
5
Let j = 6 - 8. Let g(p) be the third derivative of -p**4/8 - p**3/2 - 5*p**2. What is the units digit of g(j)?
3
What is the tens digit of 3/6 + (-87)/(-2)?
4
Let q be (-6)/(-3) + (-190)/5. What is the units digit of (q/60)/((-1)/10)?
6
Suppose -3*t = -5*p - 788, 4*t + 0*t + 2*p - 1068 = 0. What is the hundreds digit of t?
2
Let u(r) = 2*r + 1. Let o be u(2). Suppose -5*c = -o*h - 65, -c - 2*h + 15 = -5*h. What is the units digit of c?
2
Let d = -2 - -4. What is the units digit of d?
2
Let a = 2 - -1. Let h(d) = 3*d**2 + 5*d**3 - 3*d**a - 3*d - d**3 - 5 - 3*d. What is the units digit of h(-4)?
3
Suppose -v + 17 = -19. What is the tens digit of v?
3
Let m(b) = 109*b**3 - 5*b**2 + 5*b + 3. Let z(o) = -73*o**3 + 3*o**2 - 3*o - 2. Let s(c) = -5*m(c) - 8*z(c). What is the units digit of s(1)?
0
Let m(b) = b**3 + 11*b**2 + 8. What is the hundreds digit of m(-9)?
1
Let g(f) = -2*f - 4. Let i be g(-4). Suppose 0 = -i*u + 3*p + 29 + 35, 12 = -3*p. What is the units digit of u?
3
Let u = -3 + 6. Suppose 3 = u*i - 0. Let x(g) = 3*g**3 + 2*g**2 - 1. What is the units digit of x(i)?
4
Let w(f) = -f**3 + 5*f**2 - 2*f - 3. Let b be w(4). Let z(g) = -g**2 - 11*g - 10. Let o be z(-8). Suppose b*d - 34 = -o. What is the units digit of d?
4
What is the tens digit of -2 + -1 + (2 - 16)*-3?
3
Let y(t) = t**3 - 3*t**2 - 3*t + 6. Let f be y(4). Suppose -4*j + f = -114. What is the units digit of j?
1
Suppose 51 = -w - 2*w. Let n = -3 - w. What is the tens digit of n?
1
What is the tens digit of ((-21)/12)/((-2)/16)?
1
Suppose 4*v + 5*r = 418, 4 = 4*r + 12. What is the units digit of v?
7
Suppose 0*d - 4 = -2*d. Suppose -3*t + d*t + 2*m = -55, 5*m = -2*t + 65. What is the tens digit of t?
4
Let t(h) = -h**3 - 11*h**2 - h - 10. Let g be t(-11). Suppose 83 = 3*c + 5*f + g, f = 5*c - 90. What is the tens digit of c?
1
Suppose -2*q - 2 = 2*a, -6*q - 1 = -2*q + 3*a. Let f(b) = -2*b**3 + 2*b**2 - 2*b + 2. Let t be f(q). What is the units digit of 0 - -1 - t/2?